432) + (8 - -9).
-78
What is (154 - 76) + -110 - -93?
61
Calculate -17 + (201 - (-24 + 88)).
120
What is the value of 36 - (-24 - (3 + -13)) - (1 + 9 - 3)?
43
Calculate -35 + 1 - (-1282 - -1289).
-41
Calculate (-23 - (-21 - -25)) + (1 + 4 - -8) + 12.
-2
What is the value of 1 + 73 + ((-84 - -1) + 19 - -56)?
66
Calculate (40 - 33) + (23 - 11 - 1).
18
Evaluate (49 - 64 - -18 - -158) + -41.
120
Evaluate -2 - 11 - ((-16 - 11 - (-7 - 2)) + 9).
-4
What is 51 + 81 + -168 + 8?
-28
Evaluate -883 + 865 + (-1 - 2) + 13.
-8
What is (-139 - 5 - -1) + 2225 + -2184?
-102
Calculate -25 - -1 - (-74 + -112 + 207).
-45
30 - (131 + (78 - 151))
-28
What is -4 + (-3 + -41 + 7 - -3) + (-15 - -9)?
-44
What is -4 - 35 - (-28 + 10) - (13 + -35)?
1
What is (-43 - (0 + -16) - -39 - (0 - -22)) + 106?
96
Calculate -1356 + 1310 + 39 + 1.
-6
-1011 + 1046 + (-99 + 1 - -4)
-59
What is -50 + 3 - (-18 - -7)?
-36
What is -89 - (191 + -130) - -206?
56
What is 15 + -61 + (2 - -9)?
-35
(-14 - (-39 + 33 - (-3 + 78))) + -8
59
What is the value of -87 + 69 - (35 + -23)?
-30
(23 - (-2 + -20 + 44)) + 0 + -5 - 25
-29
Evaluate -18 - ((-5 + -15 - (-62 + 21)) + -46).
7
Calculate (69 - (83 - (7 - -33))) + -15.
11
Evaluate -14 + 22 + (-21 - -38) + -29.
-4
Calculate 66 + -10 + (10 + -4 + -6 + 3 - -2).
61
Calculate 76 + -118 + 104 - 63.
-1
What is (-70 - -78) + (-3 - (-7 - (2 - 14)) - -58)?
58
What is the value of -50 + 40 - (10 + -3) - -27 - -23?
33
Evaluate -48 - (-65 - -34) - 27.
-44
Evaluate 35 + 1 + -16 + 60 + -61.
19
What is the value of -18 - (-21 + 11) - (2 + -4 + 10)?
-16
Evaluate (16 - 15) + -22 + 22 + -2.
-1
64 + (81 - 119) - (0 - 11)
37
What is 3 - 48 - (-47 - -5) - ((-1 - -1) + -64)?
61
What is (-1 + 6 + -2 - 11) + (23 + -42 - 103)?
-130
(0 + 26 - (45 + -39)) + -66
-46
Calculate (49 - 29) + (-36 - -34).
18
(-96 - 66) + 159 + (0 + -1 - 20)
-24
-9 + 8 + 43 - (-303 - -253)
92
What is (2 - 9) + -37 + 37 + (170 - 186)?
-23
What is the value of 19 + -9 + (4 + 2 - (50 - -3)) - 4?
-41
Evaluate -16 - (0 - -9 - (-129 - -162)) - (-1 - -47).
-38
Calculate (-10 - -5 - -11) + -2 - (-49 + 67 + -36).
22
-283 + 302 + 6 + -27 + -4 - (1 + -58)
51
Evaluate 89 + 30 + (-65 - -14).
68
Calculate 17 - (24 + -34) - -23 - -39.
89
What is -3 + 3 - (765 - 722)?
-43
(99 - (126 + 129)) + 57
-99
What is (28 - -1) + (1112 - 1198) + 23?
-34
Evaluate -39 - -13 - 12 - -39.
1
Calculate -10 - 28 - (-268 - -268).
-38
Calculate -48 + (10 - (3 - 12)) + -19.
-48
Calculate -1 + -9 + 9 + (4 - 25) + (-1 - -2).
-21
What is (9 + -5 + 7 - -80 - (-7 + -7)) + -13?
92
-1 - 1 - 3 - ((95 - 22) + -75) - 88
-91
Calculate (618 - 442) + -26 + -61.
89
-27 + 42 + -48 + 7
-26
Calculate -20 + 20 + (-1 - 0) + 29.
28
Evaluate (86 - (-19 - -58)) + 2.
49
What is the value of 10 + (-1 - (4 - 2)) - (-56 + (-34 - -54))?
43
-87 + 37 + (-4 - -19)
-35
Evaluate (5 - 22) + 178 + (30 - 102).
89
What is -75 - (-4 + 29 + (6 - (-1 - -25)))?
-82
-344 + 340 + (-1 - -37) + -12
20
Calculate (2 - (0 - 6)) + (66 - (29 - 8 - -64)).
-11
Calculate 14 + -31 + 1 + 2 + 5 + (91 - 111).
-29
Calculate -24 + -2 + (14 - -15) + -23 + -1 + 1.
-20
What is 64 - (49 - 126) - 55?
86
(-15 - -29) + -16 + 8 + 0 + 8
14
Calculate -16 + (15 - (-34 + 35)) - (-1 - 10) - -10.
19
Calculate 37 - (27 + (-71 - -96)).
-15
Evaluate (2 + -3 + -8 - (2 + -56)) + 0 + -5.
40
Evaluate -5 + (1 + 78 - (121 + -134)).
87
What is the value of -33 - (359 - 325 - (3 + 109))?
45
6667 + -6812 + 164 + -2
17
What is (-17 - 1) + (-2429 - -2482)?
35
What is the value of (-1672 - -1637) + -14 + -2 + 1?
-50
Evaluate -77 - ((-11 - -1) + 95 + -71 + -23).
-68
What is the value of 1 + -81 - (20 + -43 + 32 + -2) - -7?
-80
Calculate 6 + (-53 + -2 - -1) + (15 - 21) + 12.
-42
Calculate -38 + (13 - -12 - 21) + 5.
-29
21 + (8 - (9 + -5 - (11 - (2 - -12))))
22
What is the value of -4 - (-47 + 128 - (-3 + 27))?
-61
What is -15 + 29 + -10 - (-2 - 18) - 6?
18
What is -2 - -13 - -4 - ((-27 - -29) + -13)?
26
Evaluate -76 - (-32 + -17 + 37 + -16).
-48
-16 - (50 + -69 + -37)
40
-3 + 12 + -1 + -1 + 237 + -250
-6
Evaluate 1 + 37 - (-119 - (74 + -205)).
26
Evaluate (-343 - -397) + -6 + 1.
49
Evaluate (3 - (-6 - -10 - 6)) + (2 + -2 - 2).
3
2 - 8 - (-16 + (50 - 32) + 94)
-102
What is -2 + -2 + 0 - (-8 + (-6 - -16))?
-6
What is the value of 9 + (4 - -78) + 21 + -20 + 8?
100
What is the value of -2 + -16 + -1 + 60?
41
15 - (2 - (-24 - -15)) - -20
24
Calculate 7977 + -7954 - (0 + -16 - 0) - -21.
60
What is the value of 26 + (26 - 150) + 47?
-51
What is (4 - (6 + -7)) + (-113 - 2) + (-109 - -105)?
-114
What is -3 + 3 + 137 + -75?
62
-19 - -73 - (680 + -542)
-84
Evaluate (29 - 42 - (-3 + 19) - (-15 - -1)) + -79.
-94
What is the value of (-14 + 26 - 18 - -5) + (-5 - (3 + 65))?
-74
Calculate 38 + (-42 - (0 - 27)) + (18 - 0).
41
(-1 - ((8 - 20) + 4)) + -8 + 0
-1
Evaluate 6 + (-10 - 17) + (33 - (8 - 48)).
52
Evaluate 28 + 15 + (4 - 26) - 18.
3
What is -16 - -31 - -19 - (9 - 10)?
35
(0 - 4) + 68 + (660 - 674)
50
Calculate 53 + (2 - 49) + -50.
-44
Calculate 6 + 3 + -16 + (-52 - -51) - -28.
20
What is the value of 164 + -195 + 2 + 14 + -60?
-75
Evaluate (288 + -354 - (1 + -11)) + 6 + -2.
-52
What is 833 + -908 + (-2 - -34)?
-43
1 + -45 + (8 - (-43 + 19))
-12
32 - (-2 - (-6 - (-10 + -1)) - -6 - 1)
34
Calculate 11 + -51 + 43 + -1 + -5.
-3
What is 82 - ((-12 - -1) + 13 + -8) - (-3 - 0)?
91
126 - -20 - (855 + -718)
9
What is 1 + -13 + (25 - (58 - 76 - -5))?
26
What is -3 - -23 - (189 + -211)?
42
-43 - -65 - (-7 + 5 + 68)
-44
What is the value of (16 - 3) + (18 + 8 + -13 - 25)?
1
What is 1 + -50 - (1491 + -1565)?
25
25 - (-5 + 1 + 50 + 5 + -47)
21
1 + 69 + (6848 - 6842)
76
What is (7 - 32) + (-51 - -80) + -22?
-18
-20 + 17 + (-1 - 3) - (-81 + 118)
-44
Calculate (-25 - 38) + 54 + 68.
59
Calculate (-24 - (-4 - (-7 + 26)) - (65 - 1)) + -8.
-73
27 - (-5 - (4 + -16))
20
What is -71 + 14 + 32 + -12?
-37
What is the value of (35 - ((3 - 4) + -17 - -21)) + 16?
48
Calculate (77 - -1) + (-558 - -500).
20
Calculate (2 + -3 + 9 - 11) + -41 + 22.
-22
Evaluate 11 - 30 - -1 - -52 - 9.
25
(-7 - -95) + -183 + 38
-57
Evaluate 20 + 0 + (-3806 - -3845 - (1 + 31)).
27
Evaluate -2 + (-6 - (-44 - -16)).
20
What is 66 + -7 + -42 + 72 + 1?
90
What is 0 + 3 + 2 + (59 - (-12 - -14)) + -8?
54
-20 + 0 - (-42 - -21 - -2)
-1
4547 + -4564 + (5 - (0 - 1))
-11
40 + (-54 - 3) + -28
-45
What is the value of 101 + 51 + -59 - 51?
42
What is -12 - (-23 - (6 - 11)) - (0 - (2 + -39))?
-31
Calculate 9 + 3 + 8 + (-14 - -19).
25
-52 + 20 + (-10 - 21)
-63
Calculate -4 + -8 + 78 + (-20 - (-8 - 4)) + -6.
52
-11 + (3 + 11 + (11 - 36) - (12 - 13))
-21
What is 0 + 10 + (-31 - (-46 + 28)) + -6 + 47?
38
What is -93 + (-106 - (129 + -239))?
-89
Calculate -7 + (15 - 69) - (26 + -13) - (-6 - 2).
-66
What is the value of -57 + 28 + 13 - (0 + (-15 - -24))?
-25
What is the value of 25 + -24 + -11 + -32?
-42
Calculate (0 - 6 - (-649 + 659)) + -8.
-24
What is -12 - (4 - -3 - (70 - (4 + 1 + 1)))?
45
What is -62 + 57 + 1 + -22 + -24?
-50
What is -2 + 14 - 0 - 1 - (2977 + -2925)?
-41
Evaluate -34 - (-33 - (17 + -26 + -38)).
-48
What is the value of (-15 - 4) + 60 + (28 - 109)?
-40
Calculate -4434 - -4577 - (108 - 1).
36
Evaluate (-62 + (3 + -2 - 1) - -1) + (115 - 105).
-51
What is the value of 18 - -32 - -12 - 88?
-26
Evaluate 26 + -41 - (13 + -13 + -101 + 4).
82
Calculate 120 + -101 - (4 + 7 + -55 + 11).
52
What is the value of -26 - ((-5 - 36) + (33 - 14))?
-4
-315 + 309 + 9 + 1 + 0 - 12 - -23
15
-51 - (-115 - -90 - -60)
-86
Calculate -1 + (1 - (1 + 70)) + 1072 + -1060.
-59
What is 1 - -67 - ((26 - -107) + -126)?
61
Calculate -4 + -209 + 246 + (0 - -42).
75
Evaluate -4558 - -4469 - ((3 - 3) + -3 + -15).
-71
What is the value of -77 - -28 - (2 - (-9 + 6))?
-54
-152 - -162 - ((38 - -2) + (6 - (8 - 3)))
-31
Calculate ((-5 - 2) + 7 + -4 - (-35 - -32)) + -3.
-4
2 - ((-7 - -8) + 7) - -6 - -1 - 6
-5
Calculate 0 - 68 - (24 - 132 - -92).
-52
What is the value of -63 - (-28 + -1) - -129 - 29?
66
Evaluate (19 - (-1 - -5)) + -163 + 0 + 4.
-144
Calculate -1 + (-7 + 8 - 22).
-22
Calculate 2077 - 2006 - (-4 + 2 + 8).
65
What is 3 + 6 + 28 + (-25 + 0 - -25)?
37
What is 234 + -151 + -117 + -19?
-53
-3 - -8 - 9 - (11 + -20) - 5
0
Calculate 14 - (6 + 11 + 22 + -9).
-16
Calculate -10 - 2 - (-54 - -3 - (-68 + 67)).
38
Evaluate -67